{"id":1232,"date":"2022-04-18T11:04:08","date_gmt":"2022-04-18T09:04:08","guid":{"rendered":"https:\/\/dev-gut.bambule.de\/?page_id=1232"},"modified":"2026-03-27T08:41:58","modified_gmt":"2026-03-27T07:41:58","slug":"karriere-ausbildung","status":"publish","type":"page","link":"https:\/\/gutgesell-cuxhaven.de\/wps\/firmenprofil-und-geschichte\/karriere-ausbildung","title":{"rendered":"Karriere \/ Ausbildung"},"content":{"rendered":"<p>[et_pb_section fb_built=&#8220;1&#8243; admin_label=&#8220;section&#8220; _builder_version=&#8220;4.17.4&#8243; bottom_divider_style=&#8220;wave&#8220; bottom_divider_color=&#8220;#fcbe00&#8243; bottom_divider_height=&#8220;80px&#8220; bottom_divider_flip=&#8220;horizontal&#8220; global_colors_info=&#8220;{}&#8220;][et_pb_row admin_label=&#8220;row&#8220; _builder_version=&#8220;4.17.4&#8243; background_size=&#8220;initial&#8220; background_position=&#8220;top_left&#8220; background_repeat=&#8220;repeat&#8220; custom_margin=&#8220;||||false|false&#8220; custom_padding=&#8220;50px||100px||false|false&#8220; global_colors_info=&#8220;{}&#8220;][et_pb_column type=&#8220;4_4&#8243; _builder_version=&#8220;4.16&#8243; custom_padding=&#8220;|||&#8220; global_colors_info=&#8220;{}&#8220; custom_padding__hover=&#8220;|||&#8220;][et_pb_text _builder_version=&#8220;4.17.4&#8243; _module_preset=&#8220;default&#8220; background_color=&#8220;#fcbe00&#8243; custom_margin=&#8220;||1.6em||false|false&#8220; custom_padding=&#8220;10px|||20px|false|false&#8220; border_radii=&#8220;on|6px|6px|6px|6px&#8220; global_colors_info=&#8220;{}&#8220;]<\/p>\n<h1 id=\"karriere-ausbildung\">Karriere und Ausbildung bei Gutgesell<\/h1>\n<p>[\/et_pb_text][et_pb_text _builder_version=&#8220;4.27.4&#8243; _module_preset=&#8220;default&#8220; hover_enabled=&#8220;0&#8243; global_colors_info=&#8220;{}&#8220; sticky_enabled=&#8220;0&#8243;]<\/p>\n<p>Gerne kannst Du uns eine Initiativbewerbung zusenden:<\/p>\n<p>Gutgesell Cuxhaven GmbH<br \/>z. Hd. Herrn Ralph Schnoor<br \/>Segelckestra\u00dfe 42<br \/>27472 Cuxhaven<\/p>\n<p>oder auch per E-Mail an <a href=\"mailto:bewerbung@gutgesell-cuxhaven.de\">bewerbung@gutgesell-cuxhaven.de<\/a><\/p>\n<p>[\/et_pb_text][et_pb_text disabled_on=&#8220;on|on|on&#8220; _builder_version=&#8220;4.27.4&#8243; _module_preset=&#8220;default&#8220; hover_enabled=&#8220;0&#8243; border_radii=&#8220;on|6px|6px|6px|6px&#8220; border_width_all=&#8220;6px&#8220; border_color_all=&#8220;#fcbe00&#8243; global_colors_info=&#8220;{}&#8220; disabled=&#8220;on&#8220; sticky_enabled=&#8220;0&#8243;]<\/p>\n<div style=\"background-color: #eee; padding: 1.2em;\">\n<h2>B\u00fcrokauffrau \/ Kauffrau f\u00fcr B\u00fcromanagement (m\/w\/d) in Vollzeit<\/h2>\n<h2>Sanit\u00e4tshaus &amp; Orthop\u00e4dietechnik<\/h2>\n<p>Du willst Menschen helfen und suchst einen sicheren, sinnvollen Job in einem tollen Team? Dann komm zu uns: Wir sind ein inhabergef\u00fchrtes Sanit\u00e4tshaus und Orthop\u00e4dietechnik-Fachbetrieb unterst\u00fctzen wir unsere Kundinnen und Kunden mit individuellen Hilfsmitteln, orthop\u00e4dischen Versorgungen und Reha-Technik in unseren Filialen in Cuxhaven und Otterndorf. Bei uns stehen pers\u00f6nliche Beratung, Service und fachkundige Betreuung im Mittelpunkt.<\/p>\n<p>Wir bieten dir:<\/p>\n<ul>\n<li>Eine verantwortungsvolle und abwechslungsreiche Vollzeit-T\u00e4tigkeit<\/li>\n<li>Ein famili\u00e4res Arbeitsumfeld mit herzlichem Team<\/li>\n<li>Strukturierte Einarbeitung und Entwicklungsm\u00f6glichkeiten<\/li>\n<li>Einen sicheren Arbeitsplatz in einem krisenfesten Gesundheitsunternehmen<\/li>\n<\/ul>\n<p>Was du mitbringen solltest:<\/p>\n<ul>\n<li>Abgeschlossene Ausbildung zur Kauffrau f\u00fcr B\u00fcromanagement, B\u00fcrokauffrau oder vergleichbare Qualifikation<\/li>\n<li>Idealerweise erste Erfahrung im Gesundheits- oder Sanit\u00e4tshausbereich<\/li>\n<li>Sicherer Umgang mit MS Office<\/li>\n<li>Organisierte, gewissenhafte und serviceorientierte Arbeitsweise<\/li>\n<li>Freundliches, professionelles Auftreten im Kundenkontakt<\/li>\n<li>Teamf\u00e4higkeit und Eigeninitiative<\/li>\n<\/ul>\n<p>Deine Aufgaben bei uns:<\/p>\n<ul>\n<li>Kundenempfang sowie pers\u00f6nliche und telefonische Betreuung<\/li>\n<li>Bearbeitung von Rezepten, Kostenvoranschl\u00e4gen und Auftr\u00e4gen<\/li>\n<li>Erstellung von Rechnungen und Abrechnungsunterlagen<\/li>\n<li>Kommunikation mit Krankenkassen, Leistungserbringern und Lieferanten<\/li>\n<li>Unterst\u00fctzung bei Terminplanung und B\u00fcroorganisation<\/li>\n<li>Pflege von Kundendaten und administrativen Abl\u00e4ufen<\/li>\n<li>Allgemeine B\u00fcro- und Verwaltungsaufgaben<\/li>\n<\/ul>\n<p>&nbsp;<\/p>\n<p>Bewirb dich \u2009jetzt\u2009unter\u2009\u2009<a href=\"mailto:bewerbung@gutgesell-cuxhaven.de\">bewerbung@gutgesell-cuxhaven.de<\/a>\u2009\u2009oder\u2009schriftlich\u2009bei<\/p>\n<p>Ralph\u2009Schnoor<br \/>Sanit\u00e4tshaus\u2009Gutgesell<br \/>Segelckestr.\u200942<br \/>27472\u2009Cuxhaven<\/p>\n<p>&nbsp;<\/p>\n<p><center>Werde Teil von Gutgesell \u2013 wir freuen uns auf dich!<\/center><\/div>\n<p>[\/et_pb_text][et_pb_text disabled_on=&#8220;on|on|on&#8220; _builder_version=&#8220;4.27.4&#8243; _module_preset=&#8220;default&#8220; border_radii=&#8220;on|6px|6px|6px|6px&#8220; border_width_all=&#8220;2px&#8220; border_color_all=&#8220;#cccccc&#8220; disabled=&#8220;on&#8220; global_colors_info=&#8220;{}&#8220;]<\/p>\n<div style=\"background-color: #eee; padding: 1em;\"><span style=\"display: none;\">2022-02-03Verst\u00e4rkung f\u00fcr unser Verkaufs-Team im Sanit\u00e4tshaus<br \/>Gutgesell Cuxhaven GmbH in Cuxhaven sucht Verst\u00e4rkung f\u00fcr unser Verkaufs-Team im Sanit\u00e4tshaus<br \/><\/span><\/p>\n<p>&nbsp;<\/p>\n<h2>Reha-Fachberater\/in (m\/w\/d) in Voll- oder Teilzeit in Cuxhaven<\/h2>\n<p>Zum n\u00e4chstm\u00f6glichen Termin suchen wir Verst\u00e4rkung f\u00fcr unser Team in unserem Sanit\u00e4tshaus.<\/p>\n<p>Fachliche Kompetenz, der Umgang mit Menschen, Spa\u00df am Beruf sind der Schl\u00fcssel f\u00fcr den beruflichen Erfolg. Wir machen Sie fit f\u00fcr die Zukunft. Leistungsgerechte Bezahlung, Urlaubsgeld, Fortbildungsm\u00f6glichkeiten, krisensichere Anstellung, all das sind gute Gr\u00fcnde bei uns zu arbeiten!<br \/>Wir, das sind 20 motivierte Mitarbeiter, 2 Sanit\u00e4tsh\u00e4user mit Reha-Abteilung und<br \/>orthop\u00e4dischen Werkst\u00e4tten in Cuxhaven und Otterndorf, sind seit 1946 das Sanit\u00e4tshaus<br \/>in Cuxhaven, innovativ mit Tradition.<\/p>\n<p>Bewerben\u2009Sie\u2009sich\u2009jetzt\u2009unter\u2009\u2009<a href=\"mailto:bewerbung@gutgesell-cuxhaven.de\">bewerbung@gutgesell-cuxhaven.de<\/a>\u2009\u2009oder\u2009schriftlich\u2009bei<\/p>\n<p>Ralph\u2009Schnoor<br \/>Sanit\u00e4tshaus\u2009Gutgesell<br \/>Segelckestr.\u200942<br \/>27472\u2009Cuxhaven<\/p>\n<\/div>\n<p>[\/et_pb_text][et_pb_image src=&#8220;https:\/\/gutgesell-cuxhaven.de\/wps\/wp-content\/uploads\/2021\/04\/ausbildungsflyer_ortho_2021.jpg&#8220; alt=&#8220;Ausbildungsflyer&#8220; title_text=&#8220;Ausbildungsflyer &#8220; show_in_lightbox=&#8220;on&#8220; align=&#8220;center&#8220; _builder_version=&#8220;4.17.4&#8243; _module_preset=&#8220;default&#8220; border_radii=&#8220;on|6px|6px|6px|6px&#8220; border_width_all=&#8220;2px&#8220; border_color_all=&#8220;#cccccc&#8220; global_colors_info=&#8220;{}&#8220;][\/et_pb_image][et_pb_text _builder_version=&#8220;4.17.4&#8243; _module_preset=&#8220;default&#8220; custom_margin=&#8220;50px||||false|false&#8220; global_colors_info=&#8220;{}&#8220;]<\/p>\n<p style=\"text-align: center;\"><strong>Ein Video \u00fcber unseren Beruf gibt es beim Bayerischen Rundfunk:<\/strong><\/p>\n<p>[\/et_pb_text][et_pb_code _builder_version=&#8220;4.17.4&#8243; _module_preset=&#8220;default&#8220; global_colors_info=&#8220;{}&#8220;] <\/p>\n<div class=\"brlbs-cmpnt-container brlbs-cmpnt-content-blocker brlbs-cmpnt-with-individual-styles\" data-borlabs-cookie-content-blocker-id=\"youtube-content-blocker\" data-borlabs-cookie-content=\"PGlmcmFtZSB3aWR0aD0iNTYwIiBoZWlnaHQ9IjMxNSIgc3JjPSJodHRwczovL3d3dy55b3V0dWJlLW5vY29va2llLmNvbS9lbWJlZC9nX2tXdUpEYUFncyIgdGl0bGU9IllvdVR1YmUgdmlkZW8gcGxheWVyIiBmcmFtZWJvcmRlcj0iMCIgYWxsb3c9ImFjY2VsZXJvbWV0ZXI7IGF1dG9wbGF5OyBjbGlwYm9hcmQtd3JpdGU7IGVuY3J5cHRlZC1tZWRpYTsgZ3lyb3Njb3BlOyBwaWN0dXJlLWluLXBpY3R1cmUiIGFsbG93ZnVsbHNjcmVlbj48L2lmcmFtZT4=\">\n<div class=\"brlbs-cmpnt-cb-preset-c brlbs-cmpnt-cb-youtube\">\n<div class=\"brlbs-cmpnt-cb-thumbnail\" style=\"background-image: url('https:\/\/gutgesell-cuxhaven.de\/wps\/wp-content\/uploads\/borlabs-cookie\/1\/yt_g_kWuJDaAgs_hqdefault.jpg')\"><\/div>\n<div class=\"brlbs-cmpnt-cb-main\">\n<div class=\"brlbs-cmpnt-cb-play-button\"><\/div>\n<div class=\"brlbs-cmpnt-cb-content\">\n<p class=\"brlbs-cmpnt-cb-description\">Sie sehen gerade einen Platzhalterinhalt von <strong>YouTube<\/strong>. Um auf den eigentlichen Inhalt zuzugreifen, klicken Sie auf die Schaltfl\u00e4che unten. Bitte beachten Sie, dass dabei Daten an Drittanbieter weitergegeben werden.<\/p>\n<p> <a class=\"brlbs-cmpnt-cb-provider-toggle\" href=\"#\" data-borlabs-cookie-show-provider-information role=\"button\">Mehr Informationen<\/a> <\/div>\n<div class=\"brlbs-cmpnt-cb-buttons\"> <a class=\"brlbs-cmpnt-cb-btn\" href=\"#\" data-borlabs-cookie-unblock role=\"button\">Inhalt entsperren<\/a> <a class=\"brlbs-cmpnt-cb-btn\" href=\"#\" data-borlabs-cookie-accept-service role=\"button\" style=\"display: inherit\">Erforderlichen Service akzeptieren und Inhalte entsperren<\/a> <\/div>\n<\/p><\/div>\n<\/p><\/div>\n<\/div>\n<p>[\/et_pb_code][\/et_pb_column][\/et_pb_row][\/et_pb_section]<\/p>\n","protected":false},"excerpt":{"rendered":"<p>Karriere und Ausbildung bei GutgesellGerne kannst Du uns eine Initiativbewerbung zusenden: Gutgesell Cuxhaven GmbHz. Hd. Herrn Ralph SchnoorSegelckestra\u00dfe 4227472 Cuxhaven oder auch per E-Mail an bewerbung@gutgesell-cuxhaven.de B\u00fcrokauffrau \/ Kauffrau f\u00fcr B\u00fcromanagement (m\/w\/d) in Vollzeit Sanit\u00e4tshaus &amp; Orthop\u00e4dietechnik Du willst Menschen helfen und suchst einen sicheren, sinnvollen Job in einem tollen Team? Dann komm zu uns: [&hellip;]<\/p>\n","protected":false},"author":1,"featured_media":0,"parent":1230,"menu_order":0,"comment_status":"closed","ping_status":"closed","template":"","meta":{"_et_pb_use_builder":"on","_et_pb_old_content":"","_et_gb_content_width":"","footnotes":""},"class_list":["post-1232","page","type-page","status-publish","hentry"],"_links":{"self":[{"href":"https:\/\/gutgesell-cuxhaven.de\/wps\/wp-json\/wp\/v2\/pages\/1232","targetHints":{"allow":["GET"]}}],"collection":[{"href":"https:\/\/gutgesell-cuxhaven.de\/wps\/wp-json\/wp\/v2\/pages"}],"about":[{"href":"https:\/\/gutgesell-cuxhaven.de\/wps\/wp-json\/wp\/v2\/types\/page"}],"author":[{"embeddable":true,"href":"https:\/\/gutgesell-cuxhaven.de\/wps\/wp-json\/wp\/v2\/users\/1"}],"replies":[{"embeddable":true,"href":"https:\/\/gutgesell-cuxhaven.de\/wps\/wp-json\/wp\/v2\/comments?post=1232"}],"version-history":[{"count":17,"href":"https:\/\/gutgesell-cuxhaven.de\/wps\/wp-json\/wp\/v2\/pages\/1232\/revisions"}],"predecessor-version":[{"id":2630,"href":"https:\/\/gutgesell-cuxhaven.de\/wps\/wp-json\/wp\/v2\/pages\/1232\/revisions\/2630"}],"up":[{"embeddable":true,"href":"https:\/\/gutgesell-cuxhaven.de\/wps\/wp-json\/wp\/v2\/pages\/1230"}],"wp:attachment":[{"href":"https:\/\/gutgesell-cuxhaven.de\/wps\/wp-json\/wp\/v2\/media?parent=1232"}],"curies":[{"name":"wp","href":"https:\/\/api.w.org\/{rel}","templated":true}]}}