{"id":1189,"date":"2022-04-18T10:54:38","date_gmt":"2022-04-18T08:54:38","guid":{"rendered":"https:\/\/dev-gut.bambule.de\/?page_id=1189"},"modified":"2022-06-05T14:27:14","modified_gmt":"2022-06-05T12:27:14","slug":"bandagen","status":"publish","type":"page","link":"https:\/\/gutgesell-cuxhaven.de\/wps\/sanitaetshaus\/bandagen","title":{"rendered":"Bandagen"},"content":{"rendered":"<p>[et_pb_section fb_built=&#8220;1&#8243; admin_label=&#8220;section&#8220; _builder_version=&#8220;4.17.4&#8243; bottom_divider_style=&#8220;wave&#8220; bottom_divider_color=&#8220;#fcbe00&#8243; bottom_divider_height=&#8220;80px&#8220; bottom_divider_flip=&#8220;horizontal&#8220; global_colors_info=&#8220;{}&#8220;][et_pb_row admin_label=&#8220;row&#8220; _builder_version=&#8220;4.17.4&#8243; background_size=&#8220;initial&#8220; background_position=&#8220;top_left&#8220; background_repeat=&#8220;repeat&#8220; custom_margin=&#8220;||||false|false&#8220; custom_padding=&#8220;50px||20px||false|false&#8220; global_colors_info=&#8220;{}&#8220;][et_pb_column type=&#8220;4_4&#8243; _builder_version=&#8220;4.16&#8243; custom_padding=&#8220;|||&#8220; global_colors_info=&#8220;{}&#8220; custom_padding__hover=&#8220;|||&#8220;][et_pb_text _builder_version=&#8220;4.17.4&#8243; _module_preset=&#8220;default&#8220; background_color=&#8220;#fcbe00&#8243; custom_margin=&#8220;||1.6em||false|false&#8220; custom_padding=&#8220;10px|||20px|false|false&#8220; border_radii=&#8220;on|6px|6px|6px|6px&#8220; global_colors_info=&#8220;{}&#8220;]<\/p>\n<h1>Bandagen<\/h1>\n<p>[\/et_pb_text][et_pb_text _builder_version=&#8220;4.17.4&#8243; _module_preset=&#8220;default&#8220; hover_enabled=&#8220;0&#8243; global_colors_info=&#8220;{}&#8220; sticky_enabled=&#8220;0&#8243;]<\/p>\n<p>Wir f\u00fchren verschiedene Bandagen unterschiedlicher Hersteller und f\u00fcr alle Anspr\u00fcche und Anwendungen: Sport, Arbeit und Freizeit. Dies sind zum Beispiel Kniebandagen, Fu\u00dfbandagen, Sprunggelenksbandagen, Handgelenksbandagen, Ellenbogenbandagen oder R\u00fcckenbandagen.<\/p>\n<p>Um eine schnelle Versorgung zu gew\u00e4hrleisten, haben wir eine gro\u00dfe Auswahl an <a href=\"https:\/\/www.bort.com\/de\/bandagen-und-orthesen.html\">BORT-Bandagen<\/a> auf Lager.<\/p>\n<p><strong>Lassen Sie sich unverbindlich von unserem Fachpersonal beraten.<\/strong><\/p>\n<p>Hier einige Versorgungsbeispiele:<\/p>\n<p>[\/et_pb_text][\/et_pb_column][\/et_pb_row][et_pb_row column_structure=&#8220;1_3,1_3,1_3&#8243; _builder_version=&#8220;4.17.4&#8243; _module_preset=&#8220;default&#8220; global_colors_info=&#8220;{}&#8220;][et_pb_column type=&#8220;1_3&#8243; _builder_version=&#8220;4.17.4&#8243; _module_preset=&#8220;default&#8220; global_colors_info=&#8220;{}&#8220;][et_pb_image src=&#8220;https:\/\/gutgesell-cuxhaven.de\/wps\/wp-content\/uploads\/2018\/08\/bandage_100600.jpg&#8220; show_in_lightbox=&#8220;on&#8220; _builder_version=&#8220;4.17.4&#8243; _module_preset=&#8220;default&#8220; global_colors_info=&#8220;{}&#8220;][\/et_pb_image][et_pb_image src=&#8220;https:\/\/gutgesell-cuxhaven.de\/wps\/wp-content\/uploads\/2018\/08\/bandage_104700_silber_vorne.jpg&#8220; show_in_lightbox=&#8220;on&#8220; _builder_version=&#8220;4.17.4&#8243; _module_preset=&#8220;default&#8220; global_colors_info=&#8220;{}&#8220;][\/et_pb_image][\/et_pb_column][et_pb_column type=&#8220;1_3&#8243; _builder_version=&#8220;4.17.4&#8243; _module_preset=&#8220;default&#8220; global_colors_info=&#8220;{}&#8220;][et_pb_image src=&#8220;https:\/\/gutgesell-cuxhaven.de\/wps\/wp-content\/uploads\/2018\/08\/bandage_114390_silber_offen.jpg&#8220; title_text=&#8220;bandage_114390_silber_offen&#8220; show_in_lightbox=&#8220;on&#8220; _builder_version=&#8220;4.17.4&#8243; _module_preset=&#8220;default&#8220; global_colors_info=&#8220;{}&#8220;][\/et_pb_image][et_pb_image src=&#8220;https:\/\/gutgesell-cuxhaven.de\/wps\/wp-content\/uploads\/2018\/08\/bandage_112690_vorne.jpg&#8220; title_text=&#8220;bandage_114390_silber_offen&#8220; show_in_lightbox=&#8220;on&#8220; _builder_version=&#8220;4.17.4&#8243; _module_preset=&#8220;default&#8220; global_colors_info=&#8220;{}&#8220;][\/et_pb_image][\/et_pb_column][et_pb_column type=&#8220;1_3&#8243; _builder_version=&#8220;4.17.4&#8243; _module_preset=&#8220;default&#8220; global_colors_info=&#8220;{}&#8220;][et_pb_image src=&#8220;https:\/\/gutgesell-cuxhaven.de\/wps\/wp-content\/uploads\/2018\/08\/bandage_054100_silber.jpg&#8220; title_text=&#8220;bandage_054100_silber&#8220; show_in_lightbox=&#8220;on&#8220; _builder_version=&#8220;4.17.4&#8243; _module_preset=&#8220;default&#8220; global_colors_info=&#8220;{}&#8220;][\/et_pb_image][et_pb_image src=&#8220;https:\/\/gutgesell-cuxhaven.de\/wps\/wp-content\/uploads\/2018\/08\/bandage_112220_schwarz.jpg&#8220; title_text=&#8220;bandage_054100_silber&#8220; show_in_lightbox=&#8220;on&#8220; _builder_version=&#8220;4.17.4&#8243; _module_preset=&#8220;default&#8220; global_colors_info=&#8220;{}&#8220;][\/et_pb_image][\/et_pb_column][\/et_pb_row][et_pb_row column_structure=&#8220;1_3,1_3,1_3&#8243; _builder_version=&#8220;4.17.4&#8243; _module_preset=&#8220;default&#8220; custom_padding=&#8220;||100px||false|false&#8220; global_colors_info=&#8220;{}&#8220;][et_pb_column type=&#8220;1_3&#8243; _builder_version=&#8220;4.17.4&#8243; _module_preset=&#8220;default&#8220; global_colors_info=&#8220;{}&#8220;][et_pb_text _builder_version=&#8220;4.17.4&#8243; _module_preset=&#8220;default&#8220; global_colors_info=&#8220;{}&#8220;]<\/p>\n<h2>Osteoporosetherapie<\/h2>\n<p>Wir verwenden bei osteoporotischen Begleiterscheinungen, wie Frakturen, Rundr\u00fccken und\/oder Schmerzen im R\u00fccken die Spinova Osteo Orthese der Firma Bauerfeind.\u00a0Diese aus 18 Kombinationsm\u00f6glichkeiten ausgew\u00e4hlte Orthese wird von unseren Orthop\u00e4dietechnikern an den R\u00fccken angepasst. Dadurch entsteht ein hoher Tragekomfort. Durch die Aufrichtung des Oberk\u00f6rpers wird die Patientin aktiver. Sogar ein Muskelzuwachs und bessere Atmungsm\u00f6glichkeiten k\u00f6nnen beobachtet werden.<\/p>\n<ul>\n<li>Echter Tragekomfort<\/li>\n<li>Ideale Passform<\/li>\n<li>Weniger schmerzen<\/li>\n<li>Mehr Lebensqualit\u00e4t<\/li>\n<\/ul>\n<p>[\/et_pb_text][\/et_pb_column][et_pb_column type=&#8220;1_3&#8243; _builder_version=&#8220;4.17.4&#8243; _module_preset=&#8220;default&#8220; global_colors_info=&#8220;{}&#8220;][et_pb_image src=&#8220;https:\/\/gutgesell-cuxhaven.de\/wps\/wp-content\/uploads\/2022\/06\/bauerfeind-bandagen-in-cuxhaven.jpg&#8220; alt=&#8220;Bandagen von Bauerfeind bei Gutgesell&#8220; title_text=&#8220;Bandagen von Bauerfeind bei Gutgesell&#8220; show_in_lightbox=&#8220;on&#8220; _builder_version=&#8220;4.17.4&#8243; _module_preset=&#8220;default&#8220; border_radii=&#8220;on|6px|6px|6px|6px&#8220; border_width_all=&#8220;2px&#8220; border_color_all=&#8220;#cccccc&#8220; global_colors_info=&#8220;{}&#8220;][\/et_pb_image][\/et_pb_column][et_pb_column type=&#8220;1_3&#8243; _builder_version=&#8220;4.17.4&#8243; _module_preset=&#8220;default&#8220; global_colors_info=&#8220;{}&#8220;][et_pb_image src=&#8220;https:\/\/gutgesell-cuxhaven.de\/wps\/wp-content\/uploads\/2018\/08\/gutgesell_spinova-osteo-orthese_ralph-schnoor.jpg&#8220; alt=&#8220;Orthop\u00e4dietechnikmeister Ralph Schnoor passt eine Spinova Osteo Orthese an.&#8220; title_text=&#8220;Orthop\u00e4dietechnikmeister Ralph Schnoor passt eine Spinova Osteo Orthese an.&#8220; show_in_lightbox=&#8220;on&#8220; _builder_version=&#8220;4.17.4&#8243; _module_preset=&#8220;default&#8220; border_radii=&#8220;on|6px|6px|6px|6px&#8220; border_width_all=&#8220;2px&#8220; border_color_all=&#8220;#cccccc&#8220; global_colors_info=&#8220;{}&#8220;][\/et_pb_image][\/et_pb_column][\/et_pb_row][\/et_pb_section]<\/p>\n","protected":false},"excerpt":{"rendered":"<p>BandagenWir f\u00fchren verschiedene Bandagen unterschiedlicher Hersteller und f\u00fcr alle Anspr\u00fcche und Anwendungen: Sport, Arbeit und Freizeit. Dies sind zum Beispiel Kniebandagen, Fu\u00dfbandagen, Sprunggelenksbandagen, Handgelenksbandagen, Ellenbogenbandagen oder R\u00fcckenbandagen. Um eine schnelle Versorgung zu gew\u00e4hrleisten, haben wir eine gro\u00dfe Auswahl an BORT-Bandagen auf Lager. Lassen Sie sich unverbindlich von unserem Fachpersonal beraten. Hier einige Versorgungsbeispiele:Osteoporosetherapie Wir verwenden [&hellip;]<\/p>\n","protected":false},"author":1,"featured_media":0,"parent":1177,"menu_order":0,"comment_status":"closed","ping_status":"closed","template":"","meta":{"_et_pb_use_builder":"on","_et_pb_old_content":"","_et_gb_content_width":"","footnotes":""},"class_list":["post-1189","page","type-page","status-publish","hentry"],"_links":{"self":[{"href":"https:\/\/gutgesell-cuxhaven.de\/wps\/wp-json\/wp\/v2\/pages\/1189","targetHints":{"allow":["GET"]}}],"collection":[{"href":"https:\/\/gutgesell-cuxhaven.de\/wps\/wp-json\/wp\/v2\/pages"}],"about":[{"href":"https:\/\/gutgesell-cuxhaven.de\/wps\/wp-json\/wp\/v2\/types\/page"}],"author":[{"embeddable":true,"href":"https:\/\/gutgesell-cuxhaven.de\/wps\/wp-json\/wp\/v2\/users\/1"}],"replies":[{"embeddable":true,"href":"https:\/\/gutgesell-cuxhaven.de\/wps\/wp-json\/wp\/v2\/comments?post=1189"}],"version-history":[{"count":11,"href":"https:\/\/gutgesell-cuxhaven.de\/wps\/wp-json\/wp\/v2\/pages\/1189\/revisions"}],"predecessor-version":[{"id":1849,"href":"https:\/\/gutgesell-cuxhaven.de\/wps\/wp-json\/wp\/v2\/pages\/1189\/revisions\/1849"}],"up":[{"embeddable":true,"href":"https:\/\/gutgesell-cuxhaven.de\/wps\/wp-json\/wp\/v2\/pages\/1177"}],"wp:attachment":[{"href":"https:\/\/gutgesell-cuxhaven.de\/wps\/wp-json\/wp\/v2\/media?parent=1189"}],"curies":[{"name":"wp","href":"https:\/\/api.w.org\/{rel}","templated":true}]}}